= 5*w. What are the prime factors of w?
11
Let i = 3 + 23. List the prime factors of i.
2, 13
Let l(x) = -x**3 - 2*x**2 + 7*x + 5. Let t be l(-4). Suppose -t - 17 = -2*k. What are the prime factors of k?
13
Let y = 168 + -114. List the prime factors of y.
2, 3
Let l(s) = -4*s + 107. List the prime factors of l(0).
107
Let l(h) = -h**3 + 9*h**2 + 11*h + 6. List the prime factors of l(8).
2, 79
Suppose -q - 4*a + 9 = -15, 5*q - 32 = 2*a. List the prime factors of q.
2
Suppose 3*k - 5 = 4*k. What are the prime factors of 4/((-16)/(-12)) - k?
2
Let t(k) = -3*k - 3. Let x be t(2). Let c be (2*-3)/(3/(-2)). Let s = c - x. List the prime factors of s.
13
Suppose -2*l + 3*l = b - 13, 0 = -5*b + 2*l + 62. What are the prime factors of b?
2, 3
Let t(q) = -q**2 + 10*q + 6. Suppose 3*d - 42 = 3*z, -2*d - 3 = 4*z - 7. Suppose 0*b + b - d = 0. List the prime factors of t(b).
2, 3
Let a be ((-13)/3)/((-1)/3). Let y(m) = -m**3 + 13*m**2 + 2*m - 18. What are the prime factors of y(a)?
2
Let f(v) be the third derivative of v**5/20 + v**4/24 + v**3/6 - 3*v**2. What are the prime factors of f(2)?
3, 5
Suppose 4*n - 16 = 5*q, -3*n + 3*q = q - 12. Let a = n - 2. Suppose 0*z + a = z. What are the prime factors of z?
2
Let a(k) be the first derivative of -1/2*k**2 - 7/3*k**3 + 7*k - 1/4*k**4 + 4. What are the prime factors of a(-7)?
2, 7
Let h(v) = v**3 - v**2 - 2. Let j be h(2). Let t = 5 - j. Suppose -t*n - 5 = -38. List the prime factors of n.
11
Suppose 0 = 2*j, -388 = -4*z + j - 3*j. What are the prime factors of z?
97
Suppose 0 = o, 8 = 4*t - 5*o + 4*o. Let j = t + 2. Let s = 13 - j. What are the prime factors of s?
3
Let s(a) = -7*a - 2. Let j(z) = -20*z - 6. Let o(d) = 6*j(d) - 17*s(d). Let f be (14 - 8)*3/(-2). What are the prime factors of o(f)?
7
Let x(l) = -4 - 6 - 6*l + l**2 + 3. What are the prime factors of x(9)?
2, 5
Let o = 92 - 90. What are the prime factors of o?
2
Let p = -5 + 6. Let m(z) = -5*z + 3*z + p + 4 + z**2 - z. What are the prime factors of m(4)?
3
Let i(y) = 3*y + 1. Let q be i(1). Suppose -2*h = -q*h + 22. List the prime factors of h.
11
Let r(b) be the second derivative of b**4/12 - b**3/3 + 5*b**2 - 2*b. What are the prime factors of r(6)?
2, 17
Suppose -o = 3 - 7. Suppose -9 = -o*y + 7. List the prime factors of y.
2
Suppose -375 = 36*l - 41*l. List the prime factors of l.
3, 5
Suppose 0 = -2*k + 50 - 0. List the prime factors of k.
5
Suppose 244 = 7*f - 3*f. What are the prime factors of f?
61
Let w = -83 - -44. Let v = -10 - w. List the prime factors of v.
29
Suppose 2*y = y + 10. Suppose v + 0*v = 2*x - 1, -2*v = -5*x + 1. Let d = y + v. What are the prime factors of d?
7
Let h(v) = v**2 - v. Let f be h(-1). Suppose -2 = -3*r + 4. Let x = r + f. What are the prime factors of x?
2
Let h = -28 - -14. Let i = 27 + h. List the prime factors of i.
13
Let h(p) = 16*p**2 - p + 1. Suppose 7*s - 20 = 2*s, 4*f + 2*s = 12. Let j be h(f). Suppose 0 = -3*z + 5 + j. List the prime factors of z.
7
List the prime factors of 25 + -4 + -2 + 0.
19
Suppose 4*w = 5*s - 13, 12 = -8*w + 3*w + 2*s. Let h = -3 - w. List the prime factors of (-3)/6*h*6.
3
Let r = 78 + -44. List the prime factors of r.
2, 17
Suppose -37 + 147 = 4*o + 3*k, 84 = 3*o + 3*k. Suppose -o = -3*s + 1. List the prime factors of s.
3
Suppose 0 = -2*d, 3*d = -3*m - 4 - 2. What are the prime factors of 27 + (m - -1)*-4?
31
Suppose 48 + 80 = 2*s - 4*m, 2*m - 176 = -3*s. List the prime factors of s.
2, 3, 5
Suppose 0 = 5*s - 3*s. Suppose 3*u - u - 2 = s, 2*l - 5 = -u. Suppose 9 + 21 = l*o. What are the prime factors of o?
3, 5
Suppose 0*s = -4*v + s + 228, v - 3*s - 68 = 0. List the prime factors of v.
2, 7
Suppose -609 = -7*i + 280. What are the prime factors of i?
127
Let u(y) = 7*y**2 + 13*y - 19. What are the prime factors of u(5)?
13, 17
Suppose 0 = -3*j + q + 22, 5*q + 50 = -j + 6*j. Suppose u = -2*o + 5*o - 16, 3*o - 3*u - j = 0. What are the prime factors of o?
7
Let q(n) = n**3 + 6*n**2 + 6*n + 1. Let f be q(-4). Let h(k) = 2*k**3 + 2*k**2 - 2*k - 1. Let y be h(-2). Let v = f + y. What are the prime factors of v?
2
Suppose 0 = -3*o - 3*z + 1059, 1409 = -3*o + 7*o + z. What are the prime factors of o?
2, 11
Suppose -5*g - 4*v = -6*g + 322, v = 0. List the prime factors of g.
2, 7, 23
Suppose -y = 2*p + 2*y - 37, 5*y = 4*p - 19. Let l(j) = 2*j + 12. What are the prime factors of l(p)?
2, 17
Suppose 0 = 5*q - 4*m - 14 - 2, -4*m = q - 8. Suppose -5*r + 10 = -q*r. What are the prime factors of r?
2, 5
Let v = -11 - -19. List the prime factors of 2/8 + 62/v.
2
Suppose -63 + 5 = -l. What are the prime factors of l?
2, 29
Let t(b) = 3*b**2 + 8*b + 1. What are the prime factors of t(3)?
2, 13
Let b(p) = -p + 4. List the prime factors of b(0).
2
Let x = 10 - 8. Suppose 2 = -x*j - 4*h, 3*j - 4*h - 15 = -h. List the prime factors of j.
3
Let b(o) = o**3 + 12*o**2 + 7*o - 14. What are the prime factors of b(-11)?
2, 3, 5
Suppose 7*n - 2*n + 5 = 0. Let u = n + -2. Let i(v) = 2*v**2 + 3*v - 2. What are the prime factors of i(u)?
7
Let n(t) = -t**3 - 3*t**2 + 8*t + 3. List the prime factors of n(-6).
3, 7
Let v be 326/14 + 2/(-7). Let b = v - 8. Suppose 2*h - 3 - b = 0. What are the prime factors of h?
3
Let q = 246 + -159. List the prime factors of q.
3, 29
Let t(p) = p + 2. What are the prime factors of t(7)?
3
Let s = 146 + -94. What are the prime factors of s?
2, 13
What are the prime factors of (-9)/6*((-1864)/12 - 0)?
233
Suppose 2*n + 3*v - 28 - 62 = 0, -5*n + 199 = v. List the prime factors of n.
3, 13
Suppose 11 + 108 = 4*x - 5*l, -x + 33 = 2*l. What are the prime factors of x?
31
Let b(o) = -o**2 + 8*o + 5. Suppose 0 = -4*c + z + 36, 4*c - 12 = -3*z + 8. Let g be b(c). Suppose -f - g*a = -2*f, -4*f = -a - 38. List the prime factors of f.
2, 5
Suppose -2*x - 101 = -7*x - 4*t, -2*t = -4*x + 60. List the prime factors of x.
17
Let t(j) be the first derivative of 3*j**2/2 + 3*j + 4. Let z be t(11). Suppose 0 = 4*i - 2*i - z. List the prime factors of i.
2, 3
Let u(i) = -7*i + 5. List the prime factors of u(-15).
2, 5, 11
What are the prime factors of -2*(22/(-165) - 866/30)?
2, 29
Let q = 38 - 17. Let l be 260/8 + (-2)/4. Let x = l - q. What are the prime factors of x?
11
Let m(y) = 2*y - 7. Let h = 1 + 8. List the prime factors of m(h).
11
Let k(u) = -u**2 + 4*u + 1. Let s be k(2). Suppose -5*o - 5*g = -215, -3*o + s*g + 141 = 4*g. List the prime factors of o.
2, 23
Let i(m) = 0*m**2 - m**2 - m**3 + 0*m + 2*m - 8 + 11. Let w be i(-2). List the prime factors of (-3)/((-6)/28) - w.
11
Let r(q) = -2*q - 17. Let y(l) = l + 8. Let j(n) = -6*r(n) - 13*y(n). What are the prime factors of j(-8)?
2, 3
Let d = 109 - -113. What are the prime factors of d?
2, 3, 37
Suppose -156 - 47 = -k. List the prime factors of k.
7, 29
What are the prime factors of ((-6)/(-2))/((-30)/(-350))?
5, 7
Suppose 0 = -4*u + 5*r - 31, 0 = -2*u + r + 2*r - 17. Let b(x) = 2*x + 1 - 5*x**2 - 5*x - x**3 - 2*x. List the prime factors of b(u).
5
Suppose 3*s - 889 = -136. List the prime factors of s.
251
Let y be -3 + (-3 - (-5 + -2)). List the prime factors of y/(-6) - 74/(-12).
2, 3
Let s = 1 - -16. List the prime factors of s.
17
Let k be ((-2)/2)/(11/(-209)). Let d = 11 + k. List the prime factors of d.
2, 3, 5
Suppose 0 = 4*y + 5*x - 36 - 25, -y - x = -14. What are the prime factors of y/((-2)/(-4 - -2))?
3
Let i(n) = -n**2 + 6*n + 4. Let s(g) = g**2 - 1. Let q(j) = i(j) + 2*s(j). List the prime factors of q(-6).
2
Suppose 0 = 2*h - 3*h + 10. Suppose -3*o + o + h = 0. What are the prime factors of o?
5
Let l(c) be the third derivative of 9*c**6/40 + c**5/60 - c**4/24 - 5*c**2. What are the prime factors of l(1)?
3
Let t be 0/(-2*3/(-2)). Suppose t = -2*l - 0*l - 5*g + 21, -17 = -2*l - g. List the prime factors of l.
2
Let i be (3 + 1)/(-2) - -8. Suppose -2*u + 26 = -i. What are the prime factors of u?
2
Suppose -f = 1, f + 12 = -5*x - f. Let j(l) = -l**2 - l + 2. Let i be j(x). Suppose -2*w + 2*z = -10, z + 23 = 4*w - i. List the prime factors of w.
2, 3
Suppose 0*h - 4*h = -5*x + 17, 0 = -x - 2*h + 9. Suppose 0 = 4*g - 4*u, x*u - 16 = -1. Suppose -2 = -g*z + 2*m + 4, 3*m = 0. What are the prime factors of z?
2
Suppose -4*z + 170 = -r, 5*z + r + 112 = 329. List the prime factors of z.
43
Let u be (-2 - 12/(-5))*5. Su